t is the greatest common factor of 527 and 1619967?
31
Calculate the highest common factor of 37228644 and 1023.
93
What is the greatest common divisor of 91053 and 7571?
67
What is the greatest common divisor of 906566730 and 12?
6
Calculate the highest common divisor of 3388 and 1331000.
484
What is the greatest common divisor of 21860776 and 544?
136
What is the greatest common divisor of 1243104683 and 269?
269
Calculate the greatest common factor of 279280 and 690.
10
What is the greatest common factor of 34 and 1000263?
17
What is the highest common divisor of 9503978 and 7458?
2486
Calculate the greatest common divisor of 6003584 and 952.
136
Calculate the highest common divisor of 274413 and 650670.
2829
Calculate the greatest common factor of 2247708 and 8295.
237
Calculate the greatest common divisor of 20019708 and 1908.
36
Calculate the highest common divisor of 14086919 and 41132.
791
What is the highest common divisor of 4896064 and 5876?
452
Calculate the highest common divisor of 8115126 and 12.
6
Calculate the greatest common factor of 1078845600 and 7200.
2400
Calculate the highest common divisor of 194967850 and 10.
10
Calculate the greatest common factor of 266 and 7480858.
14
Calculate the greatest common divisor of 90 and 3015510.
30
What is the highest common divisor of 1254 and 721578?
66
What is the highest common factor of 632079 and 12954?
381
Calculate the highest common factor of 904464 and 8514.
198
What is the greatest common divisor of 248 and 2349676?
124
What is the greatest common factor of 9851208 and 2224?
1112
Calculate the greatest common factor of 270337 and 55.
1
Calculate the greatest common factor of 2304 and 12966012.
36
Calculate the greatest common divisor of 61682210 and 430.
430
What is the greatest common divisor of 35292 and 6188?
68
Calculate the highest common divisor of 3762 and 522819.
99
What is the greatest common divisor of 19027 and 184122?
53
What is the highest common factor of 19750 and 65030?
10
What is the greatest common divisor of 34579764 and 4968?
2484
Calculate the greatest common factor of 10402394 and 1150.
46
What is the highest common factor of 216357 and 88683?
123
Calculate the highest common divisor of 3480 and 459720.
120
What is the greatest common divisor of 13818 and 224754?
282
Calculate the greatest common factor of 211393051 and 2918.
1459
What is the greatest common factor of 69437 and 17754739?
3019
What is the greatest common divisor of 73801376 and 68728?
6248
Calculate the highest common divisor of 4372098 and 696.
174
What is the highest common divisor of 59226 and 42?
6
Calculate the greatest common factor of 44426652 and 197.
197
Calculate the greatest common factor of 51 and 208357.
1
Calculate the greatest common factor of 4 and 2997608.
4
What is the greatest common factor of 207 and 2756487?
3
What is the greatest common divisor of 28600044 and 24?
12
What is the highest common factor of 757392 and 741024?
1488
What is the highest common factor of 136 and 202535076?
68
What is the greatest common factor of 3290651 and 9191?
91
What is the highest common factor of 944 and 128308?
4
What is the greatest common divisor of 1160667 and 77256?
261
What is the highest common factor of 9061 and 2262613249?
9061
What is the highest common divisor of 61699716 and 936?
468
Calculate the highest common factor of 5800 and 111380.
20
Calculate the highest common divisor of 385075 and 1835.
5
Calculate the greatest common factor of 102 and 22653418.
34
Calculate the highest common factor of 2060401 and 46991.
343
Calculate the greatest common divisor of 1843491 and 1443.
39
Calculate the greatest common divisor of 12665 and 282200.
85
What is the highest common factor of 10413 and 29097126?
801
Calculate the greatest common factor of 181025 and 196077925.
13925
What is the highest common factor of 1607436 and 17532?
36
Calculate the highest common factor of 94 and 432825209.
47
Calculate the greatest common factor of 6 and 111971376.
6
Calculate the highest common divisor of 5510088 and 206.
206
Calculate the highest common factor of 12877160 and 50.
10
What is the highest common divisor of 13830957 and 22509?
549
What is the greatest common divisor of 28032 and 1377072?
3504
Calculate the greatest common factor of 76 and 178672409.
19
Calculate the greatest common factor of 142 and 103681087.
71
What is the highest common divisor of 227772 and 180671?
703
What is the greatest common factor of 91 and 2867123?
7
Calculate the highest common divisor of 1184945 and 267655.
1345
What is the greatest common factor of 1111980 and 12?
12
Calculate the highest common factor of 79578 and 30834.
18
What is the highest common factor of 107324 and 12?
4
What is the greatest common factor of 596755878 and 12?
6
What is the greatest common divisor of 142397 and 434800?
1087
What is the highest common divisor of 3328458 and 3268?
1634
Calculate the highest common factor of 185034 and 1446.
6
Calculate the greatest common factor of 25266731 and 35.
7
What is the highest common divisor of 63 and 658458?
9
Calculate the highest common factor of 350238 and 51648.
1614
Calculate the highest common factor of 4054 and 413402596.
4054
Calculate the greatest common divisor of 51171055 and 10.
5
Calculate the highest common divisor of 2928 and 40123848.
1464
Calculate the greatest common factor of 26 and 1353742.
26
What is the highest common divisor of 109259 and 2159?
17
Calculate the greatest common divisor of 5973836 and 8096.
1012
What is the highest common divisor of 224886 and 370?
74
What is the highest common divisor of 375 and 9495075?
75
What is the greatest common factor of 7194 and 29790027?
327
What is the highest common factor of 156100 and 40248824?
6244
What is the greatest common divisor of 2261 and 16623195?
323
What is the highest common factor of 305 and 14228575?
5
Calculate the greatest common divisor of 1526585 and 39069.
1447
Calculate the highest common factor of 1889963 and 1037.
61
Calculate the highest common divisor of 16 and 1010755184.
16
Calculate the highest common factor of 22443411 and 1209.
93
Calculate the highest common factor of 92230 and 334190.
230
Calculate the highest common divisor of 36 and 2214023454.
18
Calculate the greatest common factor of 311484 and 39188.
404
Calculate the highest common factor of 210 and 596915445.
105
What is the greatest common factor of 480 and 2089680?
240
What is the highest common divisor of 451423164 and 348?
348
What is the greatest common factor of 188845419 and 189?
21
What is the highest common divisor of 640 and 134423680?
640
What is the greatest common divisor of 123741 and 12172448?
4583
Calculate the highest common divisor of 1620 and 246411315.
405
What is the highest common factor of 2130 and 35985?
15
Calculate the highest common factor of 20046724 and 2844.
316
What is the highest common factor of 1758 and 25554874?
586
Calculate the highest common factor of 358672 and 226432.
464
What is the highest common factor of 496 and 1404978528?
496
Calculate the highest common factor of 42 and 176162889.
21
Calculate the highest common divisor of 18632985 and 15311.
251
What is the greatest common divisor of 2002627 and 22?
11
What is the highest common divisor of 16338 and 30619746?
2334
What is the highest common divisor of 182392 and 12936?
56
Calculate the greatest common divisor of 165 and 129389865.
165
What is the greatest common factor of 756020072 and 5288?
5288
What is the highest common factor of 2388155 and 2695?
385
Calculate the greatest common divisor of 122540964 and 84.
84
What is the highest common factor of 1894659 and 756288?
3939
Calculate the greatest common divisor of 80 and 163282195.
5
What is the highest common divisor of 13896112 and 32?
16
What is the greatest common divisor of 244 and 7723027?
61
Calculate the highest common factor of 310537440 and 26530.
3790
What is the greatest common divisor of 24563 and 603064?
847
What is the greatest common divisor of 25181 and 22499?
149
Calculate the highest common factor of 887854 and 1078.
22
What is the greatest common factor of 6144 and 3291232?
32
What is the greatest common divisor of 844808 and 1952?
8
Calculate the greatest c